mainder when 4/a + (-74)/(-6) is divided by 7?
6
Suppose 0 = a - 9*m + 4*m - 22, -m + 6 = 5*a. Suppose -4*g = -r - 1 - 0, -r = a*g - 17. What is the remainder when 21 is divided by r?
10
Suppose -4*l + 5 = 21. Let z = 19 - l. What is the remainder when z is divided by 12?
11
Let q(u) = -u**3 + 5*u**2 - 4*u. Let f be q(4). Suppose 3*i - i - 72 = f. Suppose x = -x + i. Calculate the remainder when x is divided by 10.
8
Let s = -14 + 26. Let k = 24 - s. What is the remainder when 45 is divided by k?
9
Suppose 5*n - 200 = -2*t, 9 = t - 5*n - 76. Calculate the remainder when t is divided by 12.
11
Calculate the remainder when (-138)/(-4) - (-2)/4*-1 is divided by 7.
6
Suppose 5*g - t = 90, 8 = 3*g + 2*t - 33. What is the remainder when 65 is divided by g?
14
Let b = 20 + 8. What is the remainder when 110 is divided by b?
26
Let q(n) = 34*n**3 - n**2 + 1. What is the remainder when q(1) is divided by 9?
7
Suppose 3*s + 4*c - 16 = 9, 12 = 3*c. Calculate the remainder when 11 is divided by s.
2
Suppose -286 = -4*r - 2*m, m + 6 = 3*m. Calculate the remainder when r is divided by 36.
34
Let f(j) = 2*j + 2. Let n = 9 + -12. Let z be (-2)/(-3) + (-31)/n. Calculate the remainder when f(z) is divided by 13.
11
Suppose -176 = -3*q - q. Suppose 5*p + 0*p = f + 115, -f - 91 = -4*p. Let j = -9 + p. Calculate the remainder when q is divided by j.
14
What is the remainder when 4 is divided by 24/15 + (-4)/(-10)?
0
Let m be 12/(-8) - 14/(-4). Suppose 0 = f - m*o - 8 + 2, -o - 6 = -f. What is the remainder when f is divided by 2?
0
What is the remainder when 11 is divided by 0 - -3 - (-3 - 1)?
4
Suppose 12*m - 16*m = -32. Let p = -2 + 25. Calculate the remainder when p is divided by m.
7
Let k(g) = 12*g - 17. Calculate the remainder when k(7) is divided by 10.
7
Let q(f) = f**2 - 8*f + 23. What is the remainder when q(12) is divided by 8?
7
Let g(n) = 4*n**2 + 11 + 6*n**2 + n - 5*n**2 - 4*n**2. Calculate the remainder when g(-6) is divided by -22*(2/(-4) + 0).
8
Let r = -27 - -38. Calculate the remainder when 53 is divided by r.
9
Let w be (3 + -2)*(-2 + -1). Let f be 0 + (w - -2)*6. Let k(m) = -m - 4. Calculate the remainder when 2 is divided by k(f).
0
Let m = -4 + 9. Suppose 56 = 3*t + 14. Let j = t - m. Calculate the remainder when 17 is divided by j.
8
Suppose -5*u + 44 = -u. What is the remainder when 31 is divided by u?
9
Let p = -68 - -109. What is the remainder when p is divided by 14?
13
Suppose -f = 2*x - 139, 8*x - 5*f = 3*x + 310. Let c = -27 + x. What is the remainder when c is divided by 14?
12
Suppose -18*x - 4 = -328. Calculate the remainder when 80 is divided by x.
8
Suppose 26 = 2*w + 5*j, 3*j = 4*w - 3*w - 13. What is the remainder when 49 is divided by w?
10
Let o = 21 - 14. Suppose 5*c - o + 2 = 0. What is the remainder when c is divided by 1?
0
Let k = -54 + 81. What is the remainder when k is divided by 7?
6
Suppose u + 4*u + 5*z = 20, -8 = -2*u + 4*z. Suppose 0*i - u*i + 24 = -5*f, -4*i + 24 = -f. Calculate the remainder when 23 is divided by i.
5
Let x(l) = 8*l + 10. Let d be x(-7). Let i = 75 + d. Calculate the remainder when i is divided by 8.
5
Suppose 4*s = -s + 90. Let d(y) = y**2 - 6. Calculate the remainder when s is divided by d(-4).
8
Suppose 0 = 3*m + 3*f - 36, 2*f + 28 = 2*m. What is the remainder when m is divided by 5?
3
Suppose 0 = 69*c - 65*c - 472. Calculate the remainder when c is divided by 10.
8
Suppose 0*i + 164 = 4*i. What is the remainder when i is divided by 22?
19
Suppose 2*y - 7*y = -25. Suppose y*n - 53 = -4*d, -2*n - 100 = -5*d + 3*n. What is the remainder when d is divided by 5?
2
Suppose -2*p - 1 = -n + 1, -5*n - 2*p = -46. What is the remainder when n is divided by 6?
2
Suppose 6*t - 2*t = 136. What is the remainder when 67 is divided by t?
33
Let d(s) = s**2 - 8*s - 5. Calculate the remainder when d(12) is divided by 11.
10
Suppose -p = -2*p + 30. Calculate the remainder when p is divided by 16.
14
Suppose -33*h = -35*h + 26. Calculate the remainder when h is divided by 8.
5
Suppose 0 = -3*v + 21 - 3. Suppose 36 + 19 = 5*o. Calculate the remainder when o is divided by v.
5
Let q(a) = -4*a + 4. Let r be q(-13). Let v = r + -34. Calculate the remainder when v is divided by 12.
10
Let k = -10 - -28. Calculate the remainder when 69 is divided by k.
15
Suppose 0*p + 23 = p. Calculate the remainder when p is divided by 12.
11
Let t(m) = -2*m + 13. What is the remainder when t(-9) is divided by 16?
15
Let i = 4 - -6. Let h(k) = k**3 + 5*k**2 + 2*k - 3. Let v be h(-4). Suppose -2*d - 8 = 0, v*d - 60 = -4*t + 76. What is the remainder when t is divided by i?
9
Suppose -5*k + 6 = -39. What is the remainder when 26 is divided by k?
8
Let v = 142 + -100. Let s(b) = -b**2 - 8*b - 4. Calculate the remainder when v is divided by s(-5).
9
Suppose -d + 3*d = 6. Suppose 20 = 2*o + d*o. Let c = o - 0. Calculate the remainder when 11 is divided by c.
3
Calculate the remainder when 108 is divided by ((-88)/(-6))/((-18)/(-27)).
20
Suppose -3*n - 12 = -7*n. Suppose -b = n*b - 172. What is the remainder when b is divided by 15?
13
Let s(j) = -j - 2. Let w(m) = 3*m + 5. Let r(t) = -7*s(t) - 4*w(t). Let q = 7 + -11. What is the remainder when 40 is divided by r(q)?
12
Let u = -5 + 29. What is the remainder when u is divided by 13?
11
Let w(y) = 2 + 3 - 7*y + 6*y. Calculate the remainder when 47 is divided by w(-8).
8
Suppose -7 = -0*w - w - 5*c, -4*w + 7 = -c. Let p(m) = 5 + m - w*m + 2*m. What is the remainder when 23 is divided by p(7)?
11
Suppose 4*n + 24 = 4*c, -3*n + 0 + 17 = 2*c. Suppose -3*q = -4*o - c, -14 = -4*q - o + 4*o. Calculate the remainder when (-4)/q*85/(-2) is divided by 12.
10
Suppose 3*r + 10 = 25. Suppose -92 = -r*f + 33. Calculate the remainder when 74 is divided by f.
24
Let z(o) = -o - 3. Let i be z(-6). Suppose -5*y = -6*y + 10. What is the remainder when (-85)/(-3) + i/(-9) is divided by y?
8
Suppose -2*j + 18 = 5*f - 3*f, -48 = -2*j + 4*f. Suppose h - 4 = 3*h. What is the remainder when h/2*-1 - -26 is divided by j?
13
Suppose 0 = 2*q + q. Suppose -20 = -2*n - q*n. Calculate the remainder when n is divided by 6.
4
Suppose 914 = 4*r - b - 2*b, -4*r = -4*b - 912. Let h = r + -140. Calculate the remainder when h is divided by 31.
28
Suppose 4*l - 83 = 25. Suppose 36 = 2*c + 8. What is the remainder when l is divided by c?
13
Let b be (3 + (-22)/10)*5. Suppose 10 = b*s - 22. What is the remainder when s is divided by 3?
2
What is the remainder when (-20)/3*(-51)/4 is divided by (-11)/(-1)*4/2?
19
What is the remainder when 27 + (5/(-10))/(1/2) is divided by 10?
6
Let o(q) = q**2 - 8*q + 6. Let w be o(5). Let i(s) = 2*s**2 + 10*s - 10. Let m = 22 + -1. Calculate the remainder when i(w) is divided by m.
20
Suppose 4*m + 0 = 4. Let j be 130/(-1*(-2)/m). Suppose 0 = -4*g + r + j, g + r + r = 23. Calculate the remainder when 33 is divided by g.
16
Let k be ((-24)/10)/(3/(-40)). Suppose 0 = -2*r + r + 2*p + 8, -2*p - k = -4*r. Calculate the remainder when 5/2*(0 + 6) is divided by r.
7
Calculate the remainder when 87 is divided by 74/5 - ((-7)/7)/5.
12
Let b = 10 - -33. Let c = -19 - -47. Let x = c + -13. Calculate the remainder when b is divided by x.
13
Let n = -11 - -20. Suppose n*q = 5*q + 16. Let z(d) = d**3 - 3*d**2 - 4*d + 6. What is the remainder when z(4) is divided by q?
2
Let f = -88 + 90. Let g(y) = -y**3 + 2*y**2 + 3*y + 2. Calculate the remainder when f is divided by g(3).
0
Calculate the remainder when 4/14 - (878/(-14) + -4) is divided by 18.
13
Let b = 6 + -5. Calculate the remainder when 2 is divided by b.
0
Let j = -11 + 2. Let r = j - -13. Calculate the remainder when 7 is divided by r.
3
Let h = -25 - -46. Calculate the remainder when 102 is divided by h.
18
Let j(s) = 2*s + 47. Calculate the remainder when 25 is divided by j(-18).
3
What is the remainder when 27 is divided by (32/60*6)/((-6)/(-15))?
3
Suppose 5*m - 94 = -4. Let c = -16 + m. Calculate the remainder when 7 is divided by c.
1
Suppose 3*j - 37 = -13. Calculate the remainder when 23 is divided by j.
7
Suppose -5*z + 3*y = -80, -2*z = -3*y - 0*y - 32. What is the remainder when z is divided by 9?
7
Let v = 5 + -3. Suppose -v*m = 2*x - 32, 4*x - 69 + 6 = -3*m. Calculate the remainder when 43 is divided by x.
13
Let x(u) = u**2 + 10